{"id":2,"date":"2019-02-25T17:17:51","date_gmt":"2019-02-25T16:17:51","guid":{"rendered":"https:\/\/www.archiwumwyzne.lapszenizne.pl\/?page_id=2"},"modified":"2025-02-03T17:28:25","modified_gmt":"2025-02-03T16:28:25","slug":"przykladowa-strona","status":"publish","type":"page","link":"https:\/\/spwyzne.lapszenizne.pl\/?page_id=2","title":{"rendered":"Kontakt"},"content":{"rendered":"<p style=\"text-align: center;\"><span style=\"color: #000000; font-size: large;\"><img loading=\"lazy\" decoding=\"async\" class=\"wp-image-24 alignleft\" src=\"https:\/\/www.archiwumwyzne.lapszenizne.pl\/wp-content\/uploads\/2019\/02\/S6304216-1-285x300.jpg\" alt=\"\" width=\"150\" height=\"158\" srcset=\"https:\/\/spwyzne.lapszenizne.pl\/wp-content\/uploads\/2019\/02\/S6304216-1-285x300.jpg 285w, https:\/\/spwyzne.lapszenizne.pl\/wp-content\/uploads\/2019\/02\/S6304216-1.jpg 443w\" sizes=\"auto, (max-width: 150px) 100vw, 150px\" \/><span style=\"font-family: 'times new roman', times, serif; font-size: 20px;\"><strong>Szko\u0142a Podstawowa im. B\u0142ogos\u0142awionego Jana Paw\u0142a II<br \/>\n<\/strong><\/span><\/span><b><span style=\"font-family: Arial;\"><span style=\"font-family: 'times new roman', times, serif; font-size: 20px;\"><strong><span style=\"color: #000000;\">w \u0141apszach Wy\u017cnych<\/span><\/strong><\/span><\/span><\/b><\/p>\n<p style=\"text-align: center;\"><span style=\"color: #000000; font-family: Arial; font-size: large;\">ul. \u015awi\u0119tego Floriana 51<br \/>\n34-442 \u0141apsze Ni\u017cne<br \/>\n<\/span><span style=\"color: #000000; font-family: Arial; font-size: large;\">tel \/ fax: 18 26 59 766<br \/>\nNIP: 7351169047<\/span><\/p>\n<p style=\"text-align: left;\"><span style=\"font-family: Arial;\"><span style=\"color: #000000;\">Adres e-mail: <a href=\"mailto:spwyzne@lapszenizne.pl\">spwyzne@lapszenizne.pl<\/a><br \/>\nAdres <a href=\"https:\/\/login.gov.pl\/login\/login?ssot=ltgmmhrezurlctc92enf\">ePUAP<\/a><br \/>\nAdres do e-Dor\u0119cze\u0144: AE:PL-37918-23502-IHBGB-16<br \/>\nStrona internetowa: <a href=\"https:\/\/spwyzne.lapszenizne.pl\/\">spwyzne.lapszenizne.pl<\/a><\/span><\/span><span style=\"font-family: Arial;\">\u00a0 \u00a0 \u00a0 \u00a0<\/span><\/p>\n<p style=\"text-align: left;\" align=\"left\"><span style=\"font-family: Arial;\"><span style=\"color: #000000;\">Gmina: \u0141apsze Ni\u017cne<\/span><br \/>\n<span style=\"color: #000000;\">Powiat: Nowy Targ<\/span><br \/>\n<span style=\"color: #000000;\">Wojew\u00f3dztwo: Ma\u0142opolska<\/span><\/span><\/p>\n<p style=\"text-align: left;\" align=\"left\"><span style=\"color: #000000;\">Dyrektor Szko\u0142y: <\/span><b style=\"color: #000000;\">mgr\u00a0<\/b><b style=\"color: #000000;\">Anna Stanek<\/b><\/p>\n","protected":false},"excerpt":{"rendered":"<p>Szko\u0142a Podstawowa im. B\u0142ogos\u0142awionego Jana Paw\u0142a II w \u0141apszach Wy\u017cnych ul. \u015awi\u0119tego Floriana 51 34-442 \u0141apsze Ni\u017cne tel \/ fax: 18 26 59 766 NIP: 7351169047 Adres e-mail: spwyzne@lapszenizne.pl Adres ePUAP Adres do e-Dor\u0119cze\u0144: AE:PL-37918-23502-IHBGB-16 Strona internetowa: spwyzne.lapszenizne.pl\u00a0 \u00a0 \u00a0 \u00a0 Gmina: \u0141apsze Ni\u017cne Powiat: Nowy Targ Wojew\u00f3dztwo: Ma\u0142opolska Dyrektor &hellip;<\/p>\n","protected":false},"author":1,"featured_media":0,"parent":0,"menu_order":0,"comment_status":"closed","ping_status":"open","template":"","meta":{"footnotes":""},"class_list":["post-2","page","type-page","status-publish","hentry"],"yoast_head":"<!-- This site is optimized with the Yoast SEO plugin v27.5 - https:\/\/yoast.com\/product\/yoast-seo-wordpress\/ -->\n<title>Kontakt - Szko\u0142a Podstawowa im. B\u0142ogos\u0142awionego Jana Paw\u0142a II w \u0141apszach Wy\u017cnych<\/title>\n<meta name=\"robots\" content=\"index, follow, max-snippet:-1, max-image-preview:large, max-video-preview:-1\" \/>\n<link rel=\"canonical\" href=\"https:\/\/spwyzne.lapszenizne.pl\/?page_id=2\" \/>\n<meta property=\"og:locale\" content=\"pl_PL\" \/>\n<meta property=\"og:type\" content=\"article\" \/>\n<meta property=\"og:title\" content=\"Kontakt - Szko\u0142a Podstawowa im. B\u0142ogos\u0142awionego Jana Paw\u0142a II w \u0141apszach Wy\u017cnych\" \/>\n<meta property=\"og:description\" content=\"Szko\u0142a Podstawowa im. B\u0142ogos\u0142awionego Jana Paw\u0142a II w \u0141apszach Wy\u017cnych ul. \u015awi\u0119tego Floriana 51 34-442 \u0141apsze Ni\u017cne tel \/ fax: 18 26 59 766 NIP: 7351169047 Adres e-mail: spwyzne@lapszenizne.pl Adres ePUAP Adres do e-Dor\u0119cze\u0144: AE:PL-37918-23502-IHBGB-16 Strona internetowa: spwyzne.lapszenizne.pl\u00a0 \u00a0 \u00a0 \u00a0 Gmina: \u0141apsze Ni\u017cne Powiat: Nowy Targ Wojew\u00f3dztwo: Ma\u0142opolska Dyrektor &hellip;\" \/>\n<meta property=\"og:url\" content=\"https:\/\/spwyzne.lapszenizne.pl\/?page_id=2\" \/>\n<meta property=\"og:site_name\" content=\"Szko\u0142a Podstawowa im. B\u0142ogos\u0142awionego Jana Paw\u0142a II w \u0141apszach Wy\u017cnych\" \/>\n<meta property=\"article:modified_time\" content=\"2025-02-03T16:28:25+00:00\" \/>\n<meta property=\"og:image\" content=\"https:\/\/spwyzne.lapszenizne.pl\/wp-content\/uploads\/2019\/02\/S6304216-1.jpg\" \/>\n\t<meta property=\"og:image:width\" content=\"443\" \/>\n\t<meta property=\"og:image:height\" content=\"467\" \/>\n\t<meta property=\"og:image:type\" content=\"image\/jpeg\" \/>\n<meta name=\"twitter:card\" content=\"summary_large_image\" \/>\n<meta name=\"twitter:label1\" content=\"Szacowany czas czytania\" \/>\n\t<meta name=\"twitter:data1\" content=\"1 minuta\" \/>\n<script type=\"application\/ld+json\" class=\"yoast-schema-graph\">{\"@context\":\"https:\\\/\\\/schema.org\",\"@graph\":[{\"@type\":\"WebPage\",\"@id\":\"https:\\\/\\\/spwyzne.lapszenizne.pl\\\/?page_id=2\",\"url\":\"https:\\\/\\\/spwyzne.lapszenizne.pl\\\/?page_id=2\",\"name\":\"Kontakt - Szko\u0142a Podstawowa im. B\u0142ogos\u0142awionego Jana Paw\u0142a II w \u0141apszach Wy\u017cnych\",\"isPartOf\":{\"@id\":\"https:\\\/\\\/spwyzne.lapszenizne.pl\\\/#website\"},\"primaryImageOfPage\":{\"@id\":\"https:\\\/\\\/spwyzne.lapszenizne.pl\\\/?page_id=2#primaryimage\"},\"image\":{\"@id\":\"https:\\\/\\\/spwyzne.lapszenizne.pl\\\/?page_id=2#primaryimage\"},\"thumbnailUrl\":\"https:\\\/\\\/www.archiwumwyzne.lapszenizne.pl\\\/wp-content\\\/uploads\\\/2019\\\/02\\\/S6304216-1-285x300.jpg\",\"datePublished\":\"2019-02-25T16:17:51+00:00\",\"dateModified\":\"2025-02-03T16:28:25+00:00\",\"breadcrumb\":{\"@id\":\"https:\\\/\\\/spwyzne.lapszenizne.pl\\\/?page_id=2#breadcrumb\"},\"inLanguage\":\"pl-PL\",\"potentialAction\":[{\"@type\":\"ReadAction\",\"target\":[\"https:\\\/\\\/spwyzne.lapszenizne.pl\\\/?page_id=2\"]}]},{\"@type\":\"ImageObject\",\"inLanguage\":\"pl-PL\",\"@id\":\"https:\\\/\\\/spwyzne.lapszenizne.pl\\\/?page_id=2#primaryimage\",\"url\":\"https:\\\/\\\/www.archiwumwyzne.lapszenizne.pl\\\/wp-content\\\/uploads\\\/2019\\\/02\\\/S6304216-1-285x300.jpg\",\"contentUrl\":\"https:\\\/\\\/www.archiwumwyzne.lapszenizne.pl\\\/wp-content\\\/uploads\\\/2019\\\/02\\\/S6304216-1-285x300.jpg\"},{\"@type\":\"BreadcrumbList\",\"@id\":\"https:\\\/\\\/spwyzne.lapszenizne.pl\\\/?page_id=2#breadcrumb\",\"itemListElement\":[{\"@type\":\"ListItem\",\"position\":1,\"name\":\"Strona g\u0142\u00f3wna\",\"item\":\"https:\\\/\\\/spwyzne.lapszenizne.pl\\\/\"},{\"@type\":\"ListItem\",\"position\":2,\"name\":\"Kontakt\"}]},{\"@type\":\"WebSite\",\"@id\":\"https:\\\/\\\/spwyzne.lapszenizne.pl\\\/#website\",\"url\":\"https:\\\/\\\/spwyzne.lapszenizne.pl\\\/\",\"name\":\"Szko\u0142a Podstawowa im. B\u0142ogos\u0142awionego Jana Paw\u0142a II w \u0141apszach Wy\u017cnych\",\"description\":\"\",\"potentialAction\":[{\"@type\":\"SearchAction\",\"target\":{\"@type\":\"EntryPoint\",\"urlTemplate\":\"https:\\\/\\\/spwyzne.lapszenizne.pl\\\/?s={search_term_string}\"},\"query-input\":{\"@type\":\"PropertyValueSpecification\",\"valueRequired\":true,\"valueName\":\"search_term_string\"}}],\"inLanguage\":\"pl-PL\"}]}<\/script>\n<!-- \/ Yoast SEO plugin. -->","yoast_head_json":{"title":"Kontakt - Szko\u0142a Podstawowa im. B\u0142ogos\u0142awionego Jana Paw\u0142a II w \u0141apszach Wy\u017cnych","robots":{"index":"index","follow":"follow","max-snippet":"max-snippet:-1","max-image-preview":"max-image-preview:large","max-video-preview":"max-video-preview:-1"},"canonical":"https:\/\/spwyzne.lapszenizne.pl\/?page_id=2","og_locale":"pl_PL","og_type":"article","og_title":"Kontakt - Szko\u0142a Podstawowa im. B\u0142ogos\u0142awionego Jana Paw\u0142a II w \u0141apszach Wy\u017cnych","og_description":"Szko\u0142a Podstawowa im. B\u0142ogos\u0142awionego Jana Paw\u0142a II w \u0141apszach Wy\u017cnych ul. \u015awi\u0119tego Floriana 51 34-442 \u0141apsze Ni\u017cne tel \/ fax: 18 26 59 766 NIP: 7351169047 Adres e-mail: spwyzne@lapszenizne.pl Adres ePUAP Adres do e-Dor\u0119cze\u0144: AE:PL-37918-23502-IHBGB-16 Strona internetowa: spwyzne.lapszenizne.pl\u00a0 \u00a0 \u00a0 \u00a0 Gmina: \u0141apsze Ni\u017cne Powiat: Nowy Targ Wojew\u00f3dztwo: Ma\u0142opolska Dyrektor &hellip;","og_url":"https:\/\/spwyzne.lapszenizne.pl\/?page_id=2","og_site_name":"Szko\u0142a Podstawowa im. B\u0142ogos\u0142awionego Jana Paw\u0142a II w \u0141apszach Wy\u017cnych","article_modified_time":"2025-02-03T16:28:25+00:00","og_image":[{"width":443,"height":467,"url":"https:\/\/spwyzne.lapszenizne.pl\/wp-content\/uploads\/2019\/02\/S6304216-1.jpg","type":"image\/jpeg"}],"twitter_card":"summary_large_image","twitter_misc":{"Szacowany czas czytania":"1 minuta"},"schema":{"@context":"https:\/\/schema.org","@graph":[{"@type":"WebPage","@id":"https:\/\/spwyzne.lapszenizne.pl\/?page_id=2","url":"https:\/\/spwyzne.lapszenizne.pl\/?page_id=2","name":"Kontakt - Szko\u0142a Podstawowa im. B\u0142ogos\u0142awionego Jana Paw\u0142a II w \u0141apszach Wy\u017cnych","isPartOf":{"@id":"https:\/\/spwyzne.lapszenizne.pl\/#website"},"primaryImageOfPage":{"@id":"https:\/\/spwyzne.lapszenizne.pl\/?page_id=2#primaryimage"},"image":{"@id":"https:\/\/spwyzne.lapszenizne.pl\/?page_id=2#primaryimage"},"thumbnailUrl":"https:\/\/www.archiwumwyzne.lapszenizne.pl\/wp-content\/uploads\/2019\/02\/S6304216-1-285x300.jpg","datePublished":"2019-02-25T16:17:51+00:00","dateModified":"2025-02-03T16:28:25+00:00","breadcrumb":{"@id":"https:\/\/spwyzne.lapszenizne.pl\/?page_id=2#breadcrumb"},"inLanguage":"pl-PL","potentialAction":[{"@type":"ReadAction","target":["https:\/\/spwyzne.lapszenizne.pl\/?page_id=2"]}]},{"@type":"ImageObject","inLanguage":"pl-PL","@id":"https:\/\/spwyzne.lapszenizne.pl\/?page_id=2#primaryimage","url":"https:\/\/www.archiwumwyzne.lapszenizne.pl\/wp-content\/uploads\/2019\/02\/S6304216-1-285x300.jpg","contentUrl":"https:\/\/www.archiwumwyzne.lapszenizne.pl\/wp-content\/uploads\/2019\/02\/S6304216-1-285x300.jpg"},{"@type":"BreadcrumbList","@id":"https:\/\/spwyzne.lapszenizne.pl\/?page_id=2#breadcrumb","itemListElement":[{"@type":"ListItem","position":1,"name":"Strona g\u0142\u00f3wna","item":"https:\/\/spwyzne.lapszenizne.pl\/"},{"@type":"ListItem","position":2,"name":"Kontakt"}]},{"@type":"WebSite","@id":"https:\/\/spwyzne.lapszenizne.pl\/#website","url":"https:\/\/spwyzne.lapszenizne.pl\/","name":"Szko\u0142a Podstawowa im. B\u0142ogos\u0142awionego Jana Paw\u0142a II w \u0141apszach Wy\u017cnych","description":"","potentialAction":[{"@type":"SearchAction","target":{"@type":"EntryPoint","urlTemplate":"https:\/\/spwyzne.lapszenizne.pl\/?s={search_term_string}"},"query-input":{"@type":"PropertyValueSpecification","valueRequired":true,"valueName":"search_term_string"}}],"inLanguage":"pl-PL"}]}},"_links":{"self":[{"href":"https:\/\/spwyzne.lapszenizne.pl\/index.php?rest_route=\/wp\/v2\/pages\/2","targetHints":{"allow":["GET"]}}],"collection":[{"href":"https:\/\/spwyzne.lapszenizne.pl\/index.php?rest_route=\/wp\/v2\/pages"}],"about":[{"href":"https:\/\/spwyzne.lapszenizne.pl\/index.php?rest_route=\/wp\/v2\/types\/page"}],"author":[{"embeddable":true,"href":"https:\/\/spwyzne.lapszenizne.pl\/index.php?rest_route=\/wp\/v2\/users\/1"}],"replies":[{"embeddable":true,"href":"https:\/\/spwyzne.lapszenizne.pl\/index.php?rest_route=%2Fwp%2Fv2%2Fcomments&post=2"}],"version-history":[{"count":12,"href":"https:\/\/spwyzne.lapszenizne.pl\/index.php?rest_route=\/wp\/v2\/pages\/2\/revisions"}],"predecessor-version":[{"id":6939,"href":"https:\/\/spwyzne.lapszenizne.pl\/index.php?rest_route=\/wp\/v2\/pages\/2\/revisions\/6939"}],"wp:attachment":[{"href":"https:\/\/spwyzne.lapszenizne.pl\/index.php?rest_route=%2Fwp%2Fv2%2Fmedia&parent=2"}],"curies":[{"name":"wp","href":"https:\/\/api.w.org\/{rel}","templated":true}]}}